by 112?
107
What is the remainder when 922 is divided by 37?
34
Calculate the remainder when 619 is divided by 207.
205
What is the remainder when 12 is divided by 10?
2
What is the remainder when 232 is divided by 55?
12
What is the remainder when 229 is divided by 200?
29
What is the remainder when 92 is divided by 31?
30
What is the remainder when 1513 is divided by 44?
17
What is the remainder when 1200 is divided by 36?
12
Calculate the remainder when 251 is divided by 7.
6
What is the remainder when 339 is divided by 17?
16
Calculate the remainder when 1106 is divided by 473.
160
Calculate the remainder when 560 is divided by 148.
116
What is the remainder when 466 is divided by 95?
86
Calculate the remainder when 6647 is divided by 190.
187
What is the remainder when 189 is divided by 38?
37
Calculate the remainder when 231 is divided by 30.
21
Calculate the remainder when 149 is divided by 128.
21
Calculate the remainder when 6551 is divided by 177.
2
What is the remainder when 339 is divided by 86?
81
Calculate the remainder when 273 is divided by 72.
57
What is the remainder when 2758 is divided by 11?
8
Calculate the remainder when 41 is divided by 41.
0
What is the remainder when 1677 is divided by 35?
32
What is the remainder when 18773 is divided by 8?
5
Calculate the remainder when 743 is divided by 203.
134
Calculate the remainder when 1167 is divided by 73.
72
What is the remainder when 1078 is divided by 40?
38
Calculate the remainder when 4428 is divided by 94.
10
Calculate the remainder when 56 is divided by 31.
25
Calculate the remainder when 1054 is divided by 132.
130
What is the remainder when 1733 is divided by 17?
16
What is the remainder when 249 is divided by 36?
33
Calculate the remainder when 342 is divided by 109.
15
Calculate the remainder when 640 is divided by 287.
66
Calculate the remainder when 191 is divided by 6.
5
What is the remainder when 696 is divided by 15?
6
Calculate the remainder when 418 is divided by 19.
0
What is the remainder when 129 is divided by 19?
15
What is the remainder when 435 is divided by 98?
43
Calculate the remainder when 502 is divided by 68.
26
What is the remainder when 314 is divided by 147?
20
What is the remainder when 1095 is divided by 18?
15
Calculate the remainder when 68 is divided by 12.
8
What is the remainder when 137 is divided by 5?
2
What is the remainder when 56 is divided by 19?
18
What is the remainder when 419 is divided by 141?
137
What is the remainder when 211 is divided by 55?
46
Calculate the remainder when 455 is divided by 11.
4
Calculate the remainder when 192 is divided by 18.
12
Calculate the remainder when 3449 is divided by 138.
137
What is the remainder when 117 is divided by 40?
37
Calculate the remainder when 2608 is divided by 262.
250
What is the remainder when 205 is divided by 32?
13
Calculate the remainder when 2967 is divided by 142.
127
What is the remainder when 2838 is divided by 17?
16
What is the remainder when 43 is divided by 9?
7
What is the remainder when 86 is divided by 11?
9
What is the remainder when 473 is divided by 95?
93
Calculate the remainder when 1061 is divided by 32.
5
Calculate the remainder when 5927 is divided by 39.
38
Calculate the remainder when 709 is divided by 35.
9
Calculate the remainder when 352 is divided by 117.
1
What is the remainder when 254 is divided by 42?
2
What is the remainder when 1145 is divided by 16?
9
Calculate the remainder when 5061 is divided by 61.
59
Calculate the remainder when 278 is divided by 74.
56
What is the remainder when 88 is divided by 24?
16
What is the remainder when 67 is divided by 35?
32
What is the remainder when 188 is divided by 95?
93
Calculate the remainder when 497 is divided by 50.
47
Calculate the remainder when 478 is divided by 137.
67
Calculate the remainder when 123 is divided by 32.
27
What is the remainder when 361 is divided by 13?
10
What is the remainder when 174 is divided by 18?
12
What is the remainder when 938 is divided by 152?
26
Calculate the remainder when 135 is divided by 81.
54
What is the remainder when 46 is divided by 10?
6
What is the remainder when 158 is divided by 27?
23
Calculate the remainder when 174 is divided by 98.
76
Calculate the remainder when 90 is divided by 64.
26
What is the remainder when 16384 is divided by 113?
112
Calculate the remainder when 93 is divided by 42.
9
Calculate the remainder when 151 is divided by 61.
29
What is the remainder when 2576 is divided by 848?
32
What is the remainder when 154 is divided by 13?
11
Calculate the remainder when 376 is divided by 42.
40
Calculate the remainder when 242 is divided by 86.
70
Calculate the remainder when 171 is divided by 43.
42
What is the remainder when 22 is divided by 9?
4
Calculate the remainder when 1968 is divided by 73.
70
Calculate the remainder when 627 is divided by 45.
42
Calculate the remainder when 210 is divided by 24.
18
What is the remainder when 438 is divided by 131?
45
Calculate the remainder when 552 is divided by 4.
0
What is the remainder when 1709 is divided by 45?
44
What is the remainder when 289 is divided by 8?
1
What is the remainder when 31 is divided by 7?
3
What is the remainder when 128 is divided by 12?
8
Calculate the remainder when 50 is divided by 26.
24
What is the remainder when 494 is divided by 77?
32
Calculate the remainder when 632 is divided by 23.
11
What is the remainder when 748 is divided by 21?
13
What is the remainder when 2767 is divided by 21?
16
Calculate the remainder when 127 is divided by 38.
13
What is the remainder when 332 is divided by 57?
47
Calculate the remainder when 881 is divided by 98.
97
Calculate the remainder when 400 is divided by 81.
76
Calculate the remainder when 5000 is divided by 61.
59
Calculate the remainder when 2089 is divided by 55.
54
Calculate the remainder when 383 is divided by 127.
2
Calculate the remainder when 762 is divided by 153.
150
What is the remainder when 914 is divided by 249?
167
Calculate the remainder when 324 is divided by 114.
96
What is the remainder when 121 is divided by 29?
5
Calculate the remainder when 147 is divided by 30.
27
Calculate the remainder when 328 is divided by 30.
28
Calculate the remainder when 378 is divided by 14.
0
Calculate the remainder when 1397 is divided by 9.
2
What is the remainder when 2448 is divided by 175?
173
Calculate the remainder when 1589 is divided by 37.
35
Calculate the remainder when 5530 is divided by 126.
112
Calculate the remainder when 2938 is divided by 246.
232
What is the remainder when 700 is divided by 680?
20
Calculate the remainder when 368 is divided by 73.
3
What is the remainder when 245 is divided by 41?
40
Calculate the remainder when 2046 is divided by 127.
14
Calculate the remainder when 108 is divided by 42.
24
What is the remainder when 531 is divided by 14?
13
Calculate the remainder when 147 is divided by 143.
4
Calculate the remainder when 38 is divided by 35.
3
Calculate the remainder when 7091 is divided by 165.
161
Calculate the remainder when 1298 is divided by 257.
13
What is the remainder when 667 is divided by 16?
11
What is the remainder when 237 is divided by 24?
21
What is the remainder when 293 is divided by 278?
15
What is the remainder when 187 is divided by 65?
57
What is the remainder when 291 is divided by 29?
1
Calculate the remainder when 1405 is divided by 44.
41
What is the remainder when 47 is divided by 26?
21
Calculate the remainder when 2207 is divided by 67.
63
What is the remainder when 580 is divided by 121?
96
What is the remainder when 960 is divided by 189?
15
Calculate the remainder when 73 is divided by 17.
5
Calculate the remainder when 208 is divided by 53.
49
What is the remainder when 2374 is divided by 33?
31
What is the remainder when 64 is divided by 53?
11
Calculate the remainder when 221 is divided by 101.
19
What is the remainder when 738 is divided by 62?
56
What is the remainder when 4784 is divided by 104?
0
Calculate the remainder when 980 is divided by 17.
11
Calculate the remainder when 162 is divided by 25.
12
What is the remainder when 67 is divided by 37?
30
Calculate the remainder when 72 is divided by 67.
5
Calculate the remainder when 44 is div